3 - 5*q**2 + 7*q - 3. Let t(s) = -5*h(s) + 2*y(s). Give t(k).
7
Let x(l) = -l**2 + 8*l - 3. Suppose -n + 13 = -20. Suppose 0*w = -k + 5*w - n, -5*w = 4*k + 207. Let i be 2 + k/21 - (-46)/14. Calculate x(i).
12
Let j(f) = -2*f**2 + 12*f + 38. Let l(v) = -1. Let q(p) = -j(p) + l(p). Let c be q(9). Let x(k) = -k + 13. Determine x(c).
-2
Let n(f) = -f**3 + 14*f**2 + 52*f - 18. Let a be n(17). Let z(u) = u + 1. Let t(q) = -27 + 14 + 14. Let d(o) = a*z(o) + 4*t(o). Calculate d(9).
-6
Let t(p) = -p**3 - 57*p**2 + 10*p + 588. Let v be t(-57). Let x(u) = 2*u - 25. Give x(v).
11
Let q(j) be the first derivative of j**3/3 - 19*j**2/2 - 183*j - 3815. What is q(-7)?
-1
Suppose -3*j = 4*i + 13, 4*i + 12 = -7*j + 3*j. Let z(a) = -22*a - 87. Calculate z(i).
1
Let o(r) = -171*r + 2737. Let g be o(16). Let d be 13/5 + 12/(-20). Let n(k) = 16*k**2 - d*k + k - 19*k**2. Give n(g).
-4
Let j(l) be the first derivative of -12*l**2 - 2*l - 169. Suppose 0 = 3*s - 5*b - 7, -3*b - 4 = -s + 1. What is j(s)?
22
Let y be (4/10)/(306/30 - 10). Let v(h) = -39 - 26 - y*h + 0*h + 69. Calculate v(-11).
26
Let n(c) = c**2 + 13*c + 1. Let v(q) = 12*q + 76. Let o be v(-11). Let k = o + 46. Determine n(k).
-29
Let j be 6/(-2) + 324 + (-1 - 2). Let x(i) = 2 - 14 - j*i + 159*i + 158*i. Determine x(-19).
7
Let b(g) = g + 3. Suppose 4*j - 3*i - 16 = 5*j, i = 5*j. Let s be b(j). Let q(l) = -5*l**2 + l**2 + 4*l - 4*l**2 + 7*l**s + 8. Calculate q(6).
-4
Let t be 4/(-10) + (-3948)/705. Let f(i) = -3 - 7 + 5*i - 6. Let j(m) = -3*m + 11. Let z(w) = 5*f(w) + 8*j(w). What is z(t)?
2
Let w(y) = 6*y**2. Suppose -2*i = -9*i + 154. Suppose 5*j = i + 73. Suppose 5*r + 14 = j*r. Calculate w(r).
6
Let k(r) = -3000 + 1520 + 1461 + r. Determine k(-10).
-29
Suppose 4*a + 8 - 28 = 0. Suppose -p + a = i, -5*i = p - 2 - 7. Let r(y) = 3*y**3 - 6*y**2 + 4*y + 1. Let d(l) = l**2 - l. Let h(w) = 5*d(w) + r(w). Give h(i).
2
Let n(z) be the second derivative of -z**5/20 - 2*z**4/3 + 13*z**3/6 + 29*z**2/2 + 658*z + 2. What is n(-9)?
-7
Let c(t) = -30480*t + 6 - 1 - t**2 + 7 + 27 + 30499*t. Calculate c(21).
-3
Let l(t) = -t - 20. Let q be l(-9). Let h = -11 - q. Suppose g - 7 = -h*g. Let k(p) = p**2 - 9*p + 8. What is k(g)?
-6
Let m(n) = -4*n**3 - 8*n**2 - n + 12. Let t(l) = 9*l**3 + 15*l**2 - l - 23. Let s(q) = 7*m(q) + 3*t(q). Give s(-10).
15
Let o be (-13 + 7)*(2 - -1)/(-9). Let q(p) = -p**2 + 617*p - 614*p - o + 0. Let u(s) = s**2 - 5*s - 2. Let d be u(6). Determine q(d).
-6
Let l(y) = y**2 + 9*y - 3. Let u(t) = 2*t + 47. Let k be (24 - 15)*(-2 + -1). Let z be u(k). Give l(z).
-17
Let t(w) = -w - 1. Suppose 3*j + 5*l + 3 = -25, 4*l = 2*j - 18. What is t(j)?
0
Let y(j) = 8*j - 9. Let p(w) = 15*w - 17. Let l(r) = -6*p(r) + 11*y(r). Suppose 62 = 9*x - 19. Suppose -2*m - x + 3 = -4*q, 4*m + 2*q = -12. Give l(m).
9
Suppose -2*c - 37 = -61. Let z(r) = 25 - 12 - c - 5*r. Let a(y) = -y. Let g(s) = 9*a(s) - 2*z(s). Determine g(-4).
-6
Let d(t) = -4*t**3 - 4 - 1 + 5*t + 44*t**2 + 46*t**2 + 3*t**3 - 86*t**2. Suppose -o = -2*u - 7 - 5, -20 = 5*u. What is d(o)?
15
Let u(y) = -6 - 48*y - 5 - 6 + 88*y - 44*y. Calculate u(-3).
-5
Let x(j) = 4*j**2 + 9*j + 61. Let u(n) = 7*n**2 + 17*n + 102. Let f(q) = 3*u(q) - 5*x(q). Determine f(-6).
1
Let p(r) = 13. Let x(f) = -f + 8. Let w(o) = 5*p(o) - 6*x(o). Determine w(-6).
-19
Suppose -4*q + 51 = -5*v, 0 = 5*q + 2*v - 6. Let h(r) = r**3 - 3*r**2 - 4*r + 16. What is h(q)?
16
Let c = -500 - -501. Let n(a) = a**3 + a + 1. Let d(f) = -11*f**3 - f**2 - 5*f - 3. Let i be ((-9)/12)/(-3)*-4. Let y(t) = i*d(t) - 4*n(t). Determine y(c).
8
Let i be -6 + 456/72*(1 + 0). Let a(c) be the second derivative of 27*c - i*c**3 - 1/2*c**2 + 0. What is a(1)?
-3
Let u(k) = k**2 + 19*k - 52. Let r be (16/48)/(9/(-594)). Determine u(r).
14
Let a(x) = -19*x**2 + 10*x + 15. Let d(c) be the first derivative of -41*c**3/3 + 10*c**2 + 32*c + 230. Let q(v) = 13*a(v) - 6*d(v). What is q(7)?
24
Suppose 1406*k - 4*w = 1408*k - 28, -2*k = -3*w + 42. Let o(p) = 2*p + 0*p - 4*p - 6. What is o(k)?
6
Let m(u) = -5*u + 124. Let g be m(12). Let a(d) = 65*d**2 - g*d**2 + d + 2*d + 2*d. Suppose -15 = 3*j - 0*j. Calculate a(j).
0
Let d(a) be the first derivative of 0*a**3 + 0*a - 4/15*a**5 - 10*a**2 - 1/24*a**4 - 19. Let r(l) be the second derivative of d(l). Give r(1).
-17
Let p(c) = -2*c**2 - 6*c - 7. Let m(i) = i**3 + 28*i**2 - 28*i. Let k be m(-29). Let x be (k - -23)/((-2)/(-1)). Determine p(x).
-7
Suppose 2*n + 33 - 18 = 5*k, 9 = -n + 3*k. Suppose 193*c - 196*c - 18 = n. Let z(a) = a**2 + 4*a - 4. Give z(c).
8
Let u(i) = 2*i**3 + 12*i**2 + 9*i - 16. Let n(z) = -z**3 - 5*z**2 - 5*z + 9. Let s(l) = -9*n(l) - 4*u(l). Give s(2).
-3
Let f(o) = -o**2 + 25*o - 73. Let m be f(21). Suppose -m = 11*a + 22. Let k(x) be the first derivative of x**4/4 + 4*x**3/3 + 3*x**2/2 - x + 2. Calculate k(a).
-1
Let l(b) = 10*b + 2. Let z be 3/9 - (-20141)/(-33). Let p = 609 + z. Calculate l(p).
-8
Suppose 3*p = 5*b - 71 + 99, -b = -4*p - 8. Let w(g) = 2*g**2 + g - 17. What is w(p)?
11
Let g(m) = -m**3 - 21*m**2 + 56*m + 230. Let o be g(-23). Let h(v) = -v + 23. Determine h(o).
23
Let w(t) = -3*t**2 - 56*t - 195. Let x be w(-5). Let q(o) be the third derivative of 0 + 0*o + 4/3*o**3 - 3*o**2 - 1/24*o**4. Calculate q(x).
-2
Suppose -964 - 1988 = -24*t. Let b = 127 - t. Let m(h) = 2*h**2 - 7*h - 7. Determine m(b).
-3
Let y(h) be the third derivative of -h**5/60 + 3*h**4/4 - 11*h**3 + 97*h**2 - 2. Determine y(12).
6
Let n be (-1 - 0 - -18)*1. Suppose -28 = -5*h + 5*v + n, 5*h + 3*v = 5. Let f(w) be the first derivative of -w**3/3 + 3*w**2 - 6*w - 59. Give f(h).
2
Let z(l) be the second derivative of -l**4/3 + 14*l**3/3 - 5*l**2 + 882*l + 2. What is z(7)?
-10
Let i(y) = -20*y**3 - 16*y**3 - 8 + 87*y**3 - 30*y**3 - 9*y**2 + 19*y - 20*y**3. What is i(6)?
-2
Let i(l) be the first derivative of -l**4/4 + 11*l**3/3 - 25*l**2/2 + 5*l - 636. Determine i(8).
-3
Suppose 129*t = 128*t + 11*j - 77, -3*j = 2*t + 4. Let r(k) = 2*k - 1. Give r(t).
-23
Let h(a) = 13*a**3 + 102*a**2 - 15*a + 11. Let q be h(-8). Let o(g) = 6*g - 13. Let s(p) = -12*p + 25. Let u(l) = 11*o(l) + 6*s(l). Determine u(q).
-11
Let m(b) = 2*b**3 - 11*b - 3. Let k be (((-9)/18)/((-10)/(-12)))/(15/75). Give m(k).
-24
Let h = -39 + 90. Suppose 8 = -3*t - 2*l + h, 2*t + 2*l = 32. Suppose d = -3*u - t, 5*u = 10*u + 3*d + 25. Let p(m) = -7*m - 1. Calculate p(u).
13
Let a = -21 + 16. Let i(c) = 0*c + 24 - 22 - c. Let f be i(a). Let u(y) = -y**2 + 10*y + 1. Give u(f).
22
Let r(t) = 31*t + 300. Suppose 32*o - 4*o + 39 + 241 = 0. Calculate r(o).
-10
Let t(u) = 3 + 2 - 4 - u + 20 + 1. What is t(17)?
5
Let b(k) = 14*k**3 + 29*k**2 - 23*k + 3. Let x(y) = 5*y**3 + 10*y**2 - 8*y + 1. Let h(r) = 6*b(r) - 17*x(r). Let f = -31552 - -31556. Give h(f).
-7
Let f(d) = d**3 + 14*d**2 + 25*d - 91. Let x be f(-11). Let q(p) = p**3 + 9*p**2 + 18*p - 1. What is q(x)?
-1
Let n be -4 + (-2)/(10/(-35)). Let d(h) = 7*h**2 - 3 - 4*h**3 + 5*h**n - 5*h + 3*h**3 - 5*h**3. Suppose 4*v - 10 - 14 = 0. Calculate d(v).
3
Let r(o) = o**2 + 17*o - 2. Let i = 304 - 321. What is r(i)?
-2
Let s be 4*(1 + (-22)/(-8)). Let i(b) = -3 - 2*b - 17*b**2 - s*b**2 + 45*b**2 - 15*b**2. Determine i(-3).
-15
Let u = -4766 - -4779. Let k(v) = -v**2 + 10*v + 17. Calculate k(u).
-22
Let l(p) = -2*p**2 + 4*p - 4. Suppose v + 88 = 3*v + 2*c, 0 = -3*v + 2*c + 117. Suppose -16 = 5*j - v. What is l(j)?
-34
Let q(h) = h**2 + 2*h - 5. Suppose -2*u + 4*i = -52, -22 - 53 = -5*u - i. Let v = u + -20. Let y be 5 + (0 - 13 - v). Give q(y).
3
Let u(q) = 3*q + 6 - 44*q**2 - 2*q**3 - 40*q**2 + 163*q**2 - 44*q**2 - 46*q**2. Determine u(-5).
-34
Let h be ((-970)/873)/(6/(-27)). Let l(d) = -d**3 + 4*d**2 + d + 17. Give l(h).
-3
Let s(k) be the third derivative of k**6/720 + k**5/30 - 7*k**4/2 + k**2 - 53*k. Let d(w) be the second derivative of s(w). What is d(0)?
4
Let o(z) = -4*z**2 - 9*z + 28. Let d(c) = 2*c**2 + 4*c - 12. Suppose 25 - 4 = 3*p. Let w(l) = p*d(l) + 3*o(l). Give w(-2).
6
Let f = 8470 - 8468. Let b(y) = 4*y**3 - 4*y**2 + 3*y - 2. What is b(f)?
20
Let f(b) = -b**3 - 2. Let o be 5/10*(84/3)/2. Suppose -o*r + 9 + 26 = 0. Suppose 10 = 2*t - r*w, 4*w + 8 = 3*t - 5*t. What is f(t)?
-2
Let p(g) = 3*g**2 - 82*g + 305. Let x be p(23). Let u(w) = -6*w**2 + 